{"id":25,"date":"2026-01-13T00:56:40","date_gmt":"2026-01-13T00:56:40","guid":{"rendered":"https:\/\/bokomarupublications.com\/?page_id=25"},"modified":"2026-01-14T14:17:59","modified_gmt":"2026-01-14T14:17:59","slug":"les-publications-bokomaru","status":"publish","type":"page","link":"https:\/\/bokomarupublications.com\/?page_id=25","title":{"rendered":"Les Publications Bokomaru"},"content":{"rendered":"\n<p><a href=\"https:\/\/bokomarupublications.com\/\" data-type=\"page\" data-id=\"2\">In English<\/a><\/p>\n\n\n<div class=\"wp-block-image\">\n<figure class=\"alignright size-full\"><img loading=\"lazy\" decoding=\"async\" width=\"300\" height=\"343\" src=\"https:\/\/bokomarupublications.com\/wp-content\/uploads\/2026\/01\/bokomaru_ad-1.jpg\" alt=\"\" class=\"wp-image-11\" srcset=\"https:\/\/bokomarupublications.com\/wp-content\/uploads\/2026\/01\/bokomaru_ad-1.jpg 300w, https:\/\/bokomarupublications.com\/wp-content\/uploads\/2026\/01\/bokomaru_ad-1-262x300.jpg 262w\" sizes=\"auto, (max-width: 300px) 100vw, 300px\" \/><\/figure>\n<\/div>\n\n\n<p>Pour beaucoup d&#8217;apprenants et d&#8217;enseignants, les cours de fran\u00e7ais langue seconde peuvent para\u00eetre un peu r\u00e9p\u00e9titifs. De nombreux \u00e9diteurs renomm\u00e9s proposent un floril\u00e8ge de le\u00e7ons magistrales centr\u00e9es sur l&#8217;enseignant, avec des exercices r\u00e9p\u00e9titifs sur papier et en ligne. Cela peut d\u00e9panner, mais personne n&#8217;est vraiment enthousiaste. Pourquoi ? Parce que les m\u00e9thodes p\u00e9dagogiques qui permettent r\u00e9ellement d&#8217;acc\u00e9l\u00e9rer l&#8217;apprentissage sont cruellement absentes.<\/p>\n\n\n\n<p>Les enseignants vraiment performants recherchent des activit\u00e9s en classe favorisant l&#8217;interaction sociale, une \u00e9valuation par comp\u00e9tences (reconnaissance des meilleures pratiques), des \u00e9ch\u00e9ances flexibles, l&#8217;enseignement par les pairs, l&#8217;apprentissage collaboratif par projets et un syst\u00e8me d&#8217;\u00e9valuation et de retour d&#8217;information bas\u00e9 sur l&#8217;IA. Bokomaru Publications excelle dans tous ces domaines. C&#8217;est notre sp\u00e9cialit\u00e9.<\/p>\n\n\n\n<p>Nos cours offrent \u00e0 vos \u00e9tudiants une notation automatique\u2026<\/p>\n\n\n\n<ul class=\"wp-block-list\">\n<li>Exercices d&#8217;\u00e9criture<\/li>\n\n\n\n<li>Exercices de prononciation<\/li>\n\n\n\n<li>Pr\u00e9sentations orales par webcam<\/li>\n\n\n\n<li>Conversations avec un chatbot<\/li>\n\n\n\n<li>Jeux de r\u00f4le virtuels<\/li>\n\n\n\n<li>Cartes m\u00e9moire interactives<\/li>\n\n\n\n<li>Duos d&#8217;extraits de films<\/li>\n\n\n\n<li>Et conversations en direct entre \u00e9tudiants et \u00e9tudiantes <\/li>\n<\/ul>\n\n\n\n<p>Comme les activit\u00e9s sont not\u00e9es automatiquement, vous pouvez assouplir vos d\u00e9lais et vos p\u00e9nalit\u00e9s afin qu&#8217;un large \u00e9ventail d&#8217;\u00e9l\u00e8ves puisse r\u00e9ussir et m\u00eame exceller.<\/p>\n\n\n\n<p>Avec Bokomaru Publications, vous pouvez enseigner la r\u00e9daction d&#8217;essais, la narration collaborative et les \u00e9changes par courriel, et les corrections sont effectu\u00e9es pour vous. Vous pouvez enfin profiter de vos soir\u00e9es et de vos week-ends.<\/p>\n\n\n\n<h2 class=\"wp-block-heading\">Comment proc\u00e9dons-nous ?<\/h2>\n\n\n\n<p>Avec des cours en ligne\u2026<\/p>\n\n\n\n<blockquote class=\"wp-block-quote is-layout-flow wp-block-quote-is-layout-flow\">\n<p>Labodefrancais.com est un site web compl\u00e9mentaire \u00e0 Moodle, mais ultra-performant. Nous avons interrog\u00e9 les enseignants sur leurs besoins, puis nous avons d\u00e9velopp\u00e9 des outils bas\u00e9s sur l&#8217;IA pour les concr\u00e9tiser.<\/p>\n<\/blockquote>\n\n\n\n<p>Et avec de nouvelles activit\u00e9s jamais vues auparavant\u2026<\/p>\n\n\n\n<blockquote class=\"wp-block-quote is-layout-flow wp-block-quote-is-layout-flow\">\n<p>ConverSolo.com propose des activit\u00e9s de conversation bas\u00e9es sur l&#8217;IA qui s&#8217;int\u00e8grent parfaitement \u00e0 tous les cours. Les \u00e9tudiants appr\u00e9cient particuli\u00e8rement les activit\u00e9s ConverSolo car elles remplacent les exercices r\u00e9p\u00e9titifs par de v\u00e9ritables activit\u00e9s de communication.<\/p>\n<\/blockquote>\n\n\n\n<h2 class=\"wp-block-heading\">Qu&#8217;est-ce qui se passe avec les pieds ?<\/h2>\n\n\n\n<p>Le mot Boko-maru provient du roman de Kurt Vonnegut intitul\u00e9 \u00ab&nbsp;Le Berceau du chat&nbsp;\u00bb. Il d\u00e9crit comment des enfants assis aux extr\u00e9mit\u00e9s d&#8217;un canap\u00e9 pressent souvent leurs pieds l&#8217;un contre l&#8217;autre dans une danse r\u00e9ciproque et collaborative. Dans le roman, Boko-maru fait partie d&#8217;un univers fictionnel bienveillant plus vaste appel\u00e9 Bokononisme, invent\u00e9 pour aider les gens \u00e0 vivre des vies paisibles, productives et heureuses. Un tel symbole d&#8217;exp\u00e9rimentation ludique et spontan\u00e9e, de confiance et de coop\u00e9ration est tout \u00e0 fait appropri\u00e9 pour une petite maison d&#8217;\u00e9dition comme Bokomaru Publications. Nous imaginons, collaborons, inventons et partageons. Rejoignez-nous dans notre combat pour sortir des sentiers battus de l&#8217;enseignement de fran\u00e7ais, langue seconde.<\/p>\n\n\n<div class=\"wp-block-image\">\n<figure class=\"aligncenter size-full\"><img loading=\"lazy\" decoding=\"async\" width=\"86\" height=\"44\" src=\"https:\/\/bokomarupublications.com\/wp-content\/uploads\/2026\/01\/bokomaru_feet.png\" alt=\"\" class=\"wp-image-12\"\/><\/figure>\n<\/div>","protected":false},"excerpt":{"rendered":"<p>In English Pour beaucoup d&#8217;apprenants et d&#8217;enseignants, les cours de fran\u00e7ais langue seconde peuvent para\u00eetre un peu r\u00e9p\u00e9titifs. De nombreux \u00e9diteurs renomm\u00e9s proposent un floril\u00e8ge de le\u00e7ons magistrales centr\u00e9es sur l&#8217;enseignant, avec des exercices r\u00e9p\u00e9titifs sur papier et en ligne. Cela peut d\u00e9panner, mais personne n&#8217;est vraiment enthousiaste. Pourquoi ? Parce que les m\u00e9thodes p\u00e9dagogiques &#8230; <a title=\"Les Publications Bokomaru\" class=\"read-more\" href=\"https:\/\/bokomarupublications.com\/?page_id=25\" aria-label=\"Read more about Les Publications Bokomaru\">Read more<\/a><\/p>\n","protected":false},"author":1,"featured_media":0,"parent":0,"menu_order":0,"comment_status":"closed","ping_status":"closed","template":"","meta":{"footnotes":""},"class_list":["post-25","page","type-page","status-publish"],"_links":{"self":[{"href":"https:\/\/bokomarupublications.com\/index.php?rest_route=\/wp\/v2\/pages\/25","targetHints":{"allow":["GET"]}}],"collection":[{"href":"https:\/\/bokomarupublications.com\/index.php?rest_route=\/wp\/v2\/pages"}],"about":[{"href":"https:\/\/bokomarupublications.com\/index.php?rest_route=\/wp\/v2\/types\/page"}],"author":[{"embeddable":true,"href":"https:\/\/bokomarupublications.com\/index.php?rest_route=\/wp\/v2\/users\/1"}],"replies":[{"embeddable":true,"href":"https:\/\/bokomarupublications.com\/index.php?rest_route=%2Fwp%2Fv2%2Fcomments&post=25"}],"version-history":[{"count":3,"href":"https:\/\/bokomarupublications.com\/index.php?rest_route=\/wp\/v2\/pages\/25\/revisions"}],"predecessor-version":[{"id":80,"href":"https:\/\/bokomarupublications.com\/index.php?rest_route=\/wp\/v2\/pages\/25\/revisions\/80"}],"wp:attachment":[{"href":"https:\/\/bokomarupublications.com\/index.php?rest_route=%2Fwp%2Fv2%2Fmedia&parent=25"}],"curies":[{"name":"wp","href":"https:\/\/api.w.org\/{rel}","templated":true}]}}